{"id":1302,"date":"2024-04-16T09:16:48","date_gmt":"2024-04-16T07:16:48","guid":{"rendered":"https:\/\/www.ruderclub-salzburg.at\/wordpress\/?page_id=1302"},"modified":"2024-04-16T10:22:28","modified_gmt":"2024-04-16T08:22:28","slug":"beitraege-2023","status":"publish","type":"page","link":"https:\/\/www.ruderclub-salzburg.at\/wordpress\/beitraege-2023\/","title":{"rendered":"Beitr\u00e4ge 2023"},"content":{"rendered":"<p><a href=\"https:\/\/www.ruderclub-salzburg.at\/wordpress\/drei-koenigsrudern-2023\/\"><strong><span style=\"font-size: 18pt;\">Drei-K\u00f6nigs-Rudern<\/span><\/strong><\/a><\/p>\n<p><a href=\"https:\/\/www.ruderclub-salzburg.at\/wordpress\/ruderkurs-2023\/\"><span style=\"font-size: 18pt;\"><strong>Rudercamp Waging 23<\/strong><\/span><\/a><\/p>\n<p><a href=\"https:\/\/www.ruderclub-salzburg.at\/wordpress\/inn-river-race-2023\/\"><strong><span style=\"font-size: 18pt;\">Inn-River-Race 23<\/span><\/strong><\/a><\/p>\n<p><a href=\"https:\/\/www.ruderclub-salzburg.at\/wordpress\/ruderkurs-2023\/\"><strong><span style=\"font-size: 18pt;\">Ruderkurs Fr\u00fchjahr 23<\/span><\/strong><\/a><\/p>\n<p><a href=\"https:\/\/www.ruderclub-salzburg.at\/wordpress\/rudercamp-weissensee-2023\/\"><span style=\"font-size: 18pt;\"><strong>Rudercamp Wei\u00dfensee 23<\/strong><\/span><\/a><\/p>\n<p><span style=\"font-size: 18pt;\"><strong><a href=\"https:\/\/www.ruderclub-salzburg.at\/wordpress\/einer-training-in-waging\/\">Einer-Training Waging<\/a> <\/strong><\/span><\/p>\n<p><span style=\"font-size: 18pt;\"><strong><a href=\"https:\/\/www.ruderclub-salzburg.at\/wordpress\/willi-tschernutter-in-finnland-erfolgreich\/\">Willi Tschernutter in Finnland<\/a><\/strong><\/span><\/p>\n<p><strong><span style=\"font-size: 18pt;\"><a href=\"https:\/\/www.ruderclub-salzburg.at\/wordpress\/abrudern-und-10-jahres-feier\/\">Abrudern und 10-Jahres-Feier<\/a><\/span><\/strong><\/p>\n","protected":false},"excerpt":{"rendered":"<p>Drei-K\u00f6nigs-Rudern Rudercamp Waging 23 Inn-River-Race 23 Ruderkurs Fr\u00fchjahr 23 Rudercamp Wei\u00dfensee 23 Einer-Training Waging Willi Tschernutter in Finnland Abrudern und 10-Jahres-Feier<\/p>\n","protected":false},"author":2,"featured_media":0,"parent":0,"menu_order":0,"comment_status":"closed","ping_status":"closed","template":"","meta":{"footnotes":""},"class_list":["post-1302","page","type-page","status-publish","hentry"],"_links":{"self":[{"href":"https:\/\/www.ruderclub-salzburg.at\/wordpress\/wp-json\/wp\/v2\/pages\/1302","targetHints":{"allow":["GET"]}}],"collection":[{"href":"https:\/\/www.ruderclub-salzburg.at\/wordpress\/wp-json\/wp\/v2\/pages"}],"about":[{"href":"https:\/\/www.ruderclub-salzburg.at\/wordpress\/wp-json\/wp\/v2\/types\/page"}],"author":[{"embeddable":true,"href":"https:\/\/www.ruderclub-salzburg.at\/wordpress\/wp-json\/wp\/v2\/users\/2"}],"replies":[{"embeddable":true,"href":"https:\/\/www.ruderclub-salzburg.at\/wordpress\/wp-json\/wp\/v2\/comments?post=1302"}],"version-history":[{"count":6,"href":"https:\/\/www.ruderclub-salzburg.at\/wordpress\/wp-json\/wp\/v2\/pages\/1302\/revisions"}],"predecessor-version":[{"id":1315,"href":"https:\/\/www.ruderclub-salzburg.at\/wordpress\/wp-json\/wp\/v2\/pages\/1302\/revisions\/1315"}],"wp:attachment":[{"href":"https:\/\/www.ruderclub-salzburg.at\/wordpress\/wp-json\/wp\/v2\/media?parent=1302"}],"curies":[{"name":"wp","href":"https:\/\/api.w.org\/{rel}","templated":true}]}}