{"id":399,"date":"2019-07-15T22:55:57","date_gmt":"2019-07-15T20:55:57","guid":{"rendered":"http:\/\/www.ruderclub-salzburg.at\/wordpress\/?p=399"},"modified":"2020-07-23T20:36:41","modified_gmt":"2020-07-23T18:36:41","slug":"grillfest-juli-2019","status":"publish","type":"page","link":"https:\/\/www.ruderclub-salzburg.at\/wordpress\/grillfest-juli-2019\/","title":{"rendered":"Grillfest Juni 2019"},"content":{"rendered":"\n<h3 class=\"wp-block-heading\">Kulinarik und Gem\u00fctlichkeit<\/h3>\n\n\n\n<div class=\"wp-block-image\"><figure class=\"alignright is-resized\"><img loading=\"lazy\" decoding=\"async\" src=\"https:\/\/www.ruderclub-salzburg.at\/wordpress\/wp-content\/uploads\/2019\/07\/IMG-0991-1024x768.jpg\" alt=\"\" class=\"wp-image-391\" width=\"402\" height=\"300\"\/><figcaption>Rustikal und exotisch, perfekt zubereitet von Markus<\/figcaption><\/figure><\/div>\n\n\n\n<p>Das mittlerweile zur Tradition gewordene Grillfest des RCS startete bei pr\u00e4chtigem Wetter am 27. Juni bei unserem Bootdepot. F\u00fcr die trockenen Kehlen war gut gesorgt und die Gaumen wurden von Obergrillmeister Markus m\u00e4chtig verw\u00f6hnt. Nicht nur dass die rustikalen Geschm\u00e4cker &#8211; die Kaaskrainer waren auf den Punkt perfekt gegrillt &#8211; auf ihre Kosten kamen, hat sich Markus wieder Besonderes einfallen lassen: Faschiertes und Zutaten mit exotischen Touch! Indische Geschmacksnuancen (aber jenseites von Ayurveda!! <font size=\"4\"><strong>\ud83d\ude09<\/strong><\/font>  ) waren eine Erlebnis! <br>Dank und Gratulation an Markus!<br>Nat\u00fcrlich wurde dieses Zusammentreffen auch zum Austausch von Erlebnissen und zum Schmieden von Pl\u00e4nen f\u00fcr weitere Unternehmungen gen\u00fctzt. <\/p>\n\n\n\n<p>In ungetr\u00fcbter und guter Laune endete ein f\u00fcr alle angenehmer Abend. Gemeinsam, wie das Aufstellen der Tische, B\u00e4nke, Griller, Besteck, Gl\u00e4ser u.s.w., war auch das Wegr\u00e4umen schnell erledigt. Und mit gutem Gef\u00fchl in Bauch und Herz ging man auseinander.<\/p>\n\n\n<style type=\"text\/css\" scoped>.rbs_gallery_69e5acc1d3b63Spinner{\r\n\t\t\t\tmargin: 50px auto;\r\n\t\t\t\twidth: 50px;\r\n\t\t\t\theight: 40px;\r\n\t\t\t\ttext-align: center;\r\n\t\t\t\tfont-size: 10px;\r\n\t\t\t}\r\n\t\t\t.rbs_gallery_69e5acc1d3b63Spinner > div{\r\n\t\t\t  background-color: #333;\r\n\t\t\t  height: 100%;\r\n\t\t\t  width: 6px;\r\n\t\t\t  display: inline-block;\r\n\t\t\t  -webkit-animation: rbs_gallery_69e5acc1d3b63-stretchdelay 1.2s infinite ease-in-out;\r\n\t\t\t  animation: rbs_gallery_69e5acc1d3b63-stretchdelay 1.2s infinite ease-in-out;\r\n\t\t\t}\r\n\t\t\t.rbs_gallery_69e5acc1d3b63Spinner .rbs_gallery_69e5acc1d3b63Rect2 {\r\n\t\t\t  -webkit-animation-delay: -1.1s;\r\n\t\t\t  animation-delay: -1.1s;\r\n\t\t\t}\r\n\t\t\t.rbs_gallery_69e5acc1d3b63Spinner .rbs_gallery_69e5acc1d3b63Rect3 {\r\n\t\t\t  -webkit-animation-delay: -1.0s;\r\n\t\t\t  animation-delay: -1.0s;\r\n\t\t\t}\r\n\t\t\t.rbs_gallery_69e5acc1d3b63Spinner .rbs_gallery_69e5acc1d3b63Rect4 {\r\n\t\t\t  -webkit-animation-delay: -0.9s;\r\n\t\t\t  animation-delay: -0.9s;\r\n\t\t\t}\r\n\t\t\t.rbs_gallery_69e5acc1d3b63Spinner .rbs_gallery_69e5acc1d3b63Rect5 {\r\n\t\t\t  -webkit-animation-delay: -0.8s;\r\n\t\t\t  animation-delay: -0.8s;\r\n\t\t\t}\r\n\t\t\t@-webkit-keyframes rbs_gallery_69e5acc1d3b63-stretchdelay {\r\n\t\t\t  0%, 40%, 100% { -webkit-transform: scaleY(0.4) }  \r\n\t\t\t  20% { -webkit-transform: scaleY(1.0) }\r\n\t\t\t}\r\n\t\t\t@keyframes rbs_gallery_69e5acc1d3b63-stretchdelay {\r\n\t\t\t  0%, 40%, 100% { \r\n\t\t\t    transform: scaleY(0.4);\r\n\t\t\t    -webkit-transform: scaleY(0.4);\r\n\t\t\t  }  20% { \r\n\t\t\t    transform: scaleY(1.0);\r\n\t\t\t    -webkit-transform: scaleY(1.0);\r\n\t\t\t  }\r\n\t\t\t}\r\n\t\t<\/style><div class=\"robo-gallery-wrap robo-gallery-wrap-id400 robo-gallery-\" ><div id=\"rbs_gallery_69e5acc1d3b63-block-loader\" class=\"rbs_gallery_69e5acc1d3b63Spinner\"><div class=\"rbs_gallery_69e5acc1d3b63Rect1\"><\/div> <div class=\"rbs_gallery_69e5acc1d3b63Rect2\"><\/div> <div class=\"rbs_gallery_69e5acc1d3b63Rect3\"><\/div> <div class=\"rbs_gallery_69e5acc1d3b63Rect4\"><\/div> <div class=\"rbs_gallery_69e5acc1d3b63Rect5\"><\/div><\/div><div class=\"rbs_gallery_button  rbs_gallery_align_left\" id=\"rbs_gallery_69e5acc1d3b63filter\" style=\" display: none;\" ><\/div><div id=\"robo_gallery_main_block_rbs_gallery_69e5acc1d3b63\" class=\"robogallery-gallery-400\" style=\"width:100%;margin:0 auto;  display: none;\"><div id=\"rbs_gallery_69e5acc1d3b63\" data-options=\"rbs_gallery_69e5acc1d3b63\" style=\"width:100%;\" class=\"robo_gallery  \"><div class=\"rbs-img  category400 \" ><div class=\"rbs-img-image   rbs-lightbox \" ><div class=\"rbs-img-thumbs\"  data-thumbnail=\"https:\/\/www.ruderclub-salzburg.at\/wordpress\/wp-content\/uploads\/2019\/07\/IMG-0983-1024x768.jpg\"  title=\"IMG-0983\"  data-width=\"780\"  data-height=\"585\" ><\/div><div class=\"rbs-img-data-popup\"  data-popup=\"https:\/\/www.ruderclub-salzburg.at\/wordpress\/wp-content\/uploads\/2019\/07\/IMG-0983.jpg\"  title=\"IMG-0983\" ><\/div><div class=\"thumbnail-overlay\"><div class=\"rbsTitle \">IMG-0983<\/div><div class=\"rbsIcons\"><i class=\"fa fa-search-plus rbsZoomIcon \" ><\/i><\/div><\/div><\/div><\/div><div class=\"rbs-img  category400 \" ><div class=\"rbs-img-image   rbs-lightbox \" ><div class=\"rbs-img-thumbs\"  data-thumbnail=\"https:\/\/www.ruderclub-salzburg.at\/wordpress\/wp-content\/uploads\/2019\/07\/IMG-0989-1024x768.jpg\"  title=\"IMG-0989\"  data-width=\"780\"  data-height=\"585\" ><\/div><div class=\"rbs-img-data-popup\"  data-popup=\"https:\/\/www.ruderclub-salzburg.at\/wordpress\/wp-content\/uploads\/2019\/07\/IMG-0989.jpg\"  title=\"IMG-0989\" ><\/div><div class=\"thumbnail-overlay\"><div class=\"rbsTitle \">IMG-0989<\/div><div class=\"rbsIcons\"><i class=\"fa fa-search-plus rbsZoomIcon \" ><\/i><\/div><\/div><\/div><\/div><div class=\"rbs-img  category400 \" ><div class=\"rbs-img-image   rbs-lightbox \" ><div class=\"rbs-img-thumbs\"  data-thumbnail=\"https:\/\/www.ruderclub-salzburg.at\/wordpress\/wp-content\/uploads\/2019\/07\/IMG-0992-1024x768.jpg\"  title=\"IMG-0992\"  data-width=\"780\"  data-height=\"585\" ><\/div><div class=\"rbs-img-data-popup\"  data-popup=\"https:\/\/www.ruderclub-salzburg.at\/wordpress\/wp-content\/uploads\/2019\/07\/IMG-0992.jpg\"  title=\"IMG-0992\" ><\/div><div class=\"thumbnail-overlay\"><div class=\"rbsTitle \">IMG-0992<\/div><div class=\"rbsIcons\"><i class=\"fa fa-search-plus rbsZoomIcon \" ><\/i><\/div><\/div><\/div><\/div><div class=\"rbs-img  category400 \" ><div class=\"rbs-img-image   rbs-lightbox \" ><div class=\"rbs-img-thumbs\"  data-thumbnail=\"https:\/\/www.ruderclub-salzburg.at\/wordpress\/wp-content\/uploads\/2019\/07\/IMG-0994-1024x768.jpg\"  title=\"IMG-0994\"  data-width=\"780\"  data-height=\"585\" ><\/div><div class=\"rbs-img-data-popup\"  data-popup=\"https:\/\/www.ruderclub-salzburg.at\/wordpress\/wp-content\/uploads\/2019\/07\/IMG-0994.jpg\"  title=\"IMG-0994\" ><\/div><div class=\"thumbnail-overlay\"><div class=\"rbsTitle \">IMG-0994<\/div><div class=\"rbsIcons\"><i class=\"fa fa-search-plus rbsZoomIcon \" ><\/i><\/div><\/div><\/div><\/div><div class=\"rbs-img  category400 \" ><div class=\"rbs-img-image   rbs-lightbox \" ><div class=\"rbs-img-thumbs\"  data-thumbnail=\"https:\/\/www.ruderclub-salzburg.at\/wordpress\/wp-content\/uploads\/2019\/07\/IMG-0998-1024x768.jpg\"  title=\"IMG-0998\"  data-width=\"780\"  data-height=\"585\" ><\/div><div class=\"rbs-img-data-popup\"  data-popup=\"https:\/\/www.ruderclub-salzburg.at\/wordpress\/wp-content\/uploads\/2019\/07\/IMG-0998.jpg\"  title=\"IMG-0998\" ><\/div><div class=\"thumbnail-overlay\"><div class=\"rbsTitle \">IMG-0998<\/div><div class=\"rbsIcons\"><i class=\"fa fa-search-plus rbsZoomIcon \" ><\/i><\/div><\/div><\/div><\/div><div class=\"rbs-img  category400 \" ><div class=\"rbs-img-image   rbs-lightbox \" ><div class=\"rbs-img-thumbs\"  data-thumbnail=\"https:\/\/www.ruderclub-salzburg.at\/wordpress\/wp-content\/uploads\/2019\/07\/IMG-1001-1024x768.jpg\"  title=\"IMG-1001\"  data-width=\"780\"  data-height=\"585\" ><\/div><div class=\"rbs-img-data-popup\"  data-popup=\"https:\/\/www.ruderclub-salzburg.at\/wordpress\/wp-content\/uploads\/2019\/07\/IMG-1001.jpg\"  title=\"IMG-1001\" ><\/div><div class=\"thumbnail-overlay\"><div class=\"rbsTitle \">IMG-1001<\/div><div class=\"rbsIcons\"><i class=\"fa fa-search-plus rbsZoomIcon \" ><\/i><\/div><\/div><\/div><\/div><\/div><\/div><\/div><script>var rbs_gallery_69e5acc1d3b63 = {\"version\":\"5.1.4\",\"id\":400,\"class\":\"id400\",\"roboGalleryDelay\":1000,\"mainContainer\":\"#robo_gallery_main_block_rbs_gallery_69e5acc1d3b63\",\"loadingContainer\":\"#rbs_gallery_69e5acc1d3b63-block-loader\",\"loadingContainerObj\":\"rbs_gallery_69e5acc1d3b63-block-loader\",\"columnWidth\":\"auto\",\"columns\":3,\"resolutions\":[{\"columnWidth\":\"auto\",\"columns\":3,\"maxWidth\":960},{\"columnWidth\":\"auto\",\"columns\":2,\"maxWidth\":650},{\"columnWidth\":\"auto\",\"columns\":1,\"maxWidth\":450}],\"lightboxOptions\":{\"gallery\":{\"enabled\":true,\"tCounter\":\"%curr% of %total%\"}},\"overlayEffect\":\"direction-aware-fade\",\"boxesToLoadStart\":12,\"boxesToLoad\":8,\"waitUntilThumbLoads\":1,\"LoadingWord\":\"Loading...\",\"loadMoreWord\":\"Load More\",\"noMoreEntriesWord\":\"No More Entries\",\"horizontalSpaceBetweenBoxes\":15,\"verticalSpaceBetweenBoxes\":15,\"lazyLoad\":1,\"wrapContainer\":\"#robo-gallery-wrap-rbs_gallery_69e5acc1d3b63\",\"filterContainer\":\"#rbs_gallery_69e5acc1d3b63filter\",\"loadMoreClass\":\"button-flat-primary button-large \"};<\/script>\n\n\n<p><\/p>\n","protected":false},"excerpt":{"rendered":"<p>Kulinarik und Gem\u00fctlichkeit Das mittlerweile zur Tradition gewordene Grillfest des RCS startete bei pr\u00e4chtigem Wetter am 27. Juni bei unserem Bootdepot. F\u00fcr die trockenen Kehlen war gut gesorgt und die Gaumen wurden von Obergrillmeister Markus m\u00e4chtig verw\u00f6hnt. Nicht nur dass die rustikalen Geschm\u00e4cker &#8211; die Kaaskrainer waren auf den Punkt perfekt gegrillt &#8211; auf ihre <a class=\"more-link\" href=\"https:\/\/www.ruderclub-salzburg.at\/wordpress\/grillfest-juli-2019\/\">weiterlesen&#8230;<\/a><\/p>\n","protected":false},"author":2,"featured_media":0,"parent":0,"menu_order":0,"comment_status":"closed","ping_status":"closed","template":"","meta":{"footnotes":""},"class_list":["post-399","page","type-page","status-publish","hentry"],"_links":{"self":[{"href":"https:\/\/www.ruderclub-salzburg.at\/wordpress\/wp-json\/wp\/v2\/pages\/399","targetHints":{"allow":["GET"]}}],"collection":[{"href":"https:\/\/www.ruderclub-salzburg.at\/wordpress\/wp-json\/wp\/v2\/pages"}],"about":[{"href":"https:\/\/www.ruderclub-salzburg.at\/wordpress\/wp-json\/wp\/v2\/types\/page"}],"author":[{"embeddable":true,"href":"https:\/\/www.ruderclub-salzburg.at\/wordpress\/wp-json\/wp\/v2\/users\/2"}],"replies":[{"embeddable":true,"href":"https:\/\/www.ruderclub-salzburg.at\/wordpress\/wp-json\/wp\/v2\/comments?post=399"}],"version-history":[{"count":10,"href":"https:\/\/www.ruderclub-salzburg.at\/wordpress\/wp-json\/wp\/v2\/pages\/399\/revisions"}],"predecessor-version":[{"id":483,"href":"https:\/\/www.ruderclub-salzburg.at\/wordpress\/wp-json\/wp\/v2\/pages\/399\/revisions\/483"}],"wp:attachment":[{"href":"https:\/\/www.ruderclub-salzburg.at\/wordpress\/wp-json\/wp\/v2\/media?parent=399"}],"curies":[{"name":"wp","href":"https:\/\/api.w.org\/{rel}","templated":true}]}}